3
What are the prime factors of 164150?
2, 5, 7, 67
List the prime factors of 8263310.
2, 5, 11, 43, 1747
What are the prime factors of 544570?
2, 5, 13, 59, 71
List the prime factors of 68751.
3, 7639
What are the prime factors of 133053?
3, 44351
List the prime factors of 295786.
2, 71, 2083
List the prime factors of 5141703.
3, 7, 244843
What are the prime factors of 8428151?
313, 26927
List the prime factors of 3837897.
3, 7, 60919
What are the prime factors of 75926?
2, 37963
What are the prime factors of 5260523?
89, 59107
What are the prime factors of 4792872?
2, 3, 7, 47, 607
List the prime factors of 40218849.
3, 11, 45139
List the prime factors of 19663885.
5, 29, 135613
What are the prime factors of 790875?
3, 5, 19, 37
What are the prime factors of 1843725?
3, 5, 13, 31, 61
What are the prime factors of 1049900?
2, 5, 10499
What are the prime factors of 143365?
5, 53, 541
What are the prime factors of 125817?
3, 17, 2467
What are the prime factors of 891426?
2, 3, 101, 1471
List the prime factors of 1641803.
353, 4651
What are the prime factors of 914905?
5, 182981
List the prime factors of 134227.
134227
What are the prime factors of 46291?
7, 17, 389
What are the prime factors of 1484278?
2, 29, 157, 163
List the prime factors of 26086481.
26086481
What are the prime factors of 119254?
2, 59627
List the prime factors of 6194578.
2, 13, 89, 2677
What are the prime factors of 1174149?
3, 43487
What are the prime factors of 3942677?
3942677
List the prime factors of 162320.
2, 5, 2029
List the prime factors of 180050.
2, 5, 13, 277
What are the prime factors of 24212593?
19, 29, 43943
What are the prime factors of 36874?
2, 103, 179
List the prime factors of 60666.
2, 3, 10111
List the prime factors of 3147180.
2, 3, 5, 52453
List the prime factors of 718258.
2, 359129
List the prime factors of 158927.
158927
List the prime factors of 571461.
3, 11, 17317
What are the prime factors of 373006?
2, 421, 443
What are the prime factors of 1836331?
7, 19, 13807
List the prime factors of 1323556.
2, 13, 25453
What are the prime factors of 6318939?
3, 11, 419, 457
What are the prime factors of 1318624?
2, 89, 463
List the prime factors of 2189566.
2, 17, 64399
List the prime factors of 507865.
5, 101573
What are the prime factors of 7989380?
2, 5, 7, 149, 383
What are the prime factors of 558686?
2, 137, 2039
What are the prime factors of 981201?
3, 13, 139, 181
What are the prime factors of 7910969?
11, 719179
What are the prime factors of 817176?
2, 3, 79, 431
List the prime factors of 65626.
2, 11, 19, 157
List the prime factors of 10814617.
11, 139, 643
What are the prime factors of 184825?
5, 7393
List the prime factors of 177340.
2, 5, 8867
List the prime factors of 5434802.
2, 2717401
List the prime factors of 5909761.
11, 13, 17
What are the prime factors of 8641982?
2, 1321, 3271
List the prime factors of 9808657.
53, 185069
What are the prime factors of 11274212?
2, 2818553
List the prime factors of 40934.
2, 97, 211
List the prime factors of 1916828.
2, 347, 1381
List the prime factors of 250737.
3, 83579
What are the prime factors of 384550?
2, 5, 7691
List the prime factors of 17151.
3, 5717
List the prime factors of 272120.
2, 5, 6803
List the prime factors of 33499132.
2, 23, 41, 83, 107
What are the prime factors of 64641?
3, 29, 743
List the prime factors of 3519883.
19, 61, 3037
List the prime factors of 2611921.
13, 331, 607
What are the prime factors of 222558?
2, 3, 7, 757
List the prime factors of 146305.
5, 29, 1009
List the prime factors of 8437034.
2, 4218517
List the prime factors of 3648796.
2, 59, 15461
What are the prime factors of 19650170?
2, 5, 983, 1999
List the prime factors of 5620979.
7, 13, 19, 3251
What are the prime factors of 894760?
2, 5, 22369
List the prime factors of 3550231.
41, 131, 661
What are the prime factors of 16790438?
2, 7, 73, 2347
What are the prime factors of 112079?
11, 23, 443
What are the prime factors of 6473053?
19, 340687
List the prime factors of 1501493.
7, 214499
List the prime factors of 2206636.
2, 551659
List the prime factors of 249945.
3, 5, 19, 877
List the prime factors of 880989.
3, 31, 9473
What are the prime factors of 587263?
587263
List the prime factors of 704832.
2, 3, 3671
List the prime factors of 210681.
3, 17
List the prime factors of 212756.
2, 53189
List the prime factors of 1395493.
11, 19, 607
What are the prime factors of 2939682?
2, 3, 97, 5051
What are the prime factors of 538300?
2, 5, 7, 769
List the prime factors of 742616.
2, 7, 89, 149
What are the prime factors of 1158208?
2, 18097
List the prime factors of 21708647.
79, 283, 971
What are the prime factors of 35334395?
5, 19, 371941
What are the prime factors of 642777?
3, 214259
What are the prime factors of 1133637?
3, 443, 853
What are the prime factors of 298206?
2, 3, 16567
What are the prime factors of 2914431?
3, 13, 74729
List the prime factors of 1316190.
2, 3, 5, 73, 601
What are the prime factors of 633512?
2, 11, 23, 313
What are the prime factors of 1699565?
5, 7, 991
What are the prime factors of 153995?
5, 19, 1621
What are the prime factors of 170255?
5, 17, 2003
What are the prime factors of 559756?
2, 139939
List the prime factors of 175678.
2, 17, 5167
List the prime factors of 233293.
233293
What are the prime factors of 300883?
11, 17, 1609
List the prime factors of 4190224.
2, 379, 691
List the prime factors of 491888.
2, 71, 433
What are the prime factors of 23186712?
2, 3, 966113
What are the prime factors of 2020188?
2, 3, 79, 2131
What are the prime factors of 247993?
247993
List the prime factors of 5995479.
3, 7, 23, 12413
What are the prime factors of 1504337?
31, 48527
What are the prime factors of 4175020?
2, 5, 199, 1049
List the prime factors of 190550.
2, 5, 37, 103
List the prime factors of 280152.
2, 3, 1297
What are the prime factors of 1379510?
2, 5, 11, 12541
List the prime factors of 26536297.
157, 173, 977
List the prime factors of 795215.
5, 89, 1787
List the prime factors of 582146.
2, 29, 10037
List the prime factors of 6887790.
2, 3, 5, 7, 13, 29
What are the prime factors of 229118?
2, 109, 1051
What are the prime factors of 2054306?
2, 1027153
List the prime factors of 5490812.
2, 107, 12829
What are the prime factors of 50582?
2, 7, 3613
What are the prime factors of 2434722?
2, 3, 83, 4889
List the prime factors of 6464510.
2, 5, 13, 49727
What are the prime factors of 937897?
19, 49363
List the prime factors of 1261673.
7, 180239
List the prime factors of 11819745.
3, 5, 7, 157, 239
List the prime factors of 5701742.
2, 2850871
List the prime factors of 2413927.
2413927
List the prime factors of 28333.
29, 977
List the prime factors of 7005640.
2, 5, 175141
List the prime factors of 1579623.
3, 17, 47, 659
What are the prime factors of 517571?
517571
What are the prime factors of 146541?
3, 48847
List the prime factors of 168628.
2, 42157
What are the prime factors of 39900809?
13, 167, 18379
What are the prime factors of 2142903?
3, 7, 102043
List the prime factors of 9820205.
5, 1964041
List the prime factors of 7289707.
73, 99859
List the prime factors of 51868.
2, 12967
List the prime factors of 7975423.
7975423
What are the prime factors of 924490?
2, 5, 7, 47, 281
List the prime factors of 3137524.
2, 13, 60337
List the prime factors of 453318.
2, 3, 75553
What are the prime factors of 5181864?
2, 3, 71, 3041
What are the prime factors of 1063265?
5, 7, 17, 1787
What are the prime factors of 530750?
2, 5, 11, 193
List the prime factors of 95496.
2, 3, 23, 173
What are the prime factors of 5755873?
379, 15187
List the prime factors of 8731630.
2, 5, 37, 23599
List the prime factors of 481165.
5, 96233
List the prime factors of 1288494.
2, 3, 107, 223
What are the prime factors of 422756?
2, 17, 6217
List the prime factors of 2483057.
23, 47, 2297
What are the prime factors of 20687821?
7, 11, 41, 6553
What are the prime factors of 1399707?
3, 47, 1103
What are the prime factors of 355758?
2, 3, 13, 4561
List the prime factors of 203031.
3, 17, 1327
What are the prime factors of 1394924?
2, 348731
What are the prime factors of 7451605?
5, 7, 212903
List the prime factors of 38844796.
2, 17, 739, 773
What are the prime factors of 4970835?